 i(s) = 26*s - 271. Give i(11).
15
Let t(s) = -s**2 - 5*s + 37. Calculate t(4).
1
Let z(j) = -j**2 - 206*j + 2386. What is z(11)?
-1
Let n(r) = -r**3 + 6*r**2 + 38*r + 33. Calculate n(10).
13
Let t(r) = 2*r**2 - 120*r + 476. Calculate t(4).
28
Let b(o) = o**3 - 10*o**2 - 83*o + 724. What is b(12)?
16
Let a(b) = 4*b**2 + 86*b + 112. Give a(-20).
-8
Let t(l) = -l**2 + 207*l - 8161. What is t(154)?
1
Let t(c) = -2*c**3 + 83*c**2 + 1094*c - 91. Calculate t(52).
13
Let z(o) = -4*o**3 + 55*o**2 - 30*o - 44. Determine z(13).
73
Let z(c) = -c**2 - 32*c - 116. Give z(-5).
19
Let i(k) = k**3 + 110*k**2 + 632*k + 840. Calculate i(-104).
8
Let v(y) = -y**2 + 240*y - 485. Calculate v(2).
-9
Let b(p) = -p**3 - p**2 + 77*p + 27. Give b(-9).
-18
Let p(w) = -91*w + 257. What is p(-4)?
621
Let j(l) = l**3 - 8*l**2 - 160*l + 100. Calculate j(17).
-19
Let s(q) = -392*q + 5947. Determine s(15).
67
Let b(z) = 22*z**3 - 2*z**2 + 3*z + 1. Give b(2).
175
Let n(u) = -u**3 - 16*u**2 + 136*u + 64. Calculate n(-22).
-24
Let u(x) = -2*x**2 + 60*x + 34934. Determine u(148).
6
Let t(b) = -b + 415. Determine t(41).
374
Let r(x) = -x**2 + 19*x + 29. Determine r(22).
-37
Let y(p) = 2*p**3 - 8*p**2 - 15*p + 15. Give y(6).
69
Let l(z) = 88*z + 1038. Determine l(-12).
-18
Let k(x) = 23*x + 26. What is k(3)?
95
Let h(r) = -232*r - 23. Determine h(1).
-255
Let v(j) = -2*j**3 - 30*j**2 - j + 17. What is v(-15)?
32
Let j(r) = r**3 - 16*r**2 + 94*r - 430. Calculate j(11).
-1
Let m(y) = -314*y - 34. Determine m(4).
-1290
Let c(i) = -i**2 - 3*i - 21. Give c(-3).
-21
Let n(g) = 36*g - 77. Determine n(-2).
-149
Let y(f) = 338*f + 5031. Calculate y(-15).
-39
Let b(c) = -2*c**3 + 71*c**2 + 46*c - 430. Calculate b(36).
-70
Let d(n) = -2*n**2 + 106*n + 8. Determine d(53).
8
Let w(n) = 4*n**2 - 6*n - 37. Give w(-3).
17
Let h(w) = -146*w**3 + 4*w + 3. Give h(-1).
145
Let g(k) = 67*k + 22. Calculate g(0).
22
Let d(z) = -2918*z + 67133. What is d(23)?
19
Let k(r) = -18*r**2 - 47*r + 17. Give k(-3).
-4
Let a(v) = -v**3 - 10*v**2 + 93*v - 87. What is a(-16)?
-39
Let w(p) = -19*p**2 - 2*p - 1. Give w(2).
-81
Let i(s) = s**3 + 35*s**2 - 72*s - 33. What is i(-37)?
-107
Let y(m) = m**3 + 9*m**2 + 9*m - 14. Determine y(-7).
21
Let y(c) = -c**2 - 61*c + 442. Give y(-72).
-350
Let m(x) = -660*x + 177545. Calculate m(269).
5
Let o(b) = 550*b - 40163. Calculate o(73).
-13
Let k(r) = r**3 - 38*r**2 + 358*r. What is k(15)?
195
Let z(o) = -o**2 + 25*o + 792. Determine z(46).
-174
Let s(l) = l**2 + 171*l - 1809. Calculate s(-181).
1
Let o(a) = 2*a**2 - 21*a + 136. Give o(11).
147
Let a(n) = 1655*n - 14888. Determine a(9).
7
Let n(u) = 4*u**2 + 262*u - 24104. Determine n(-117).
-2
Let u(d) = -d**3 + 93*d**2 - 182*d - 30. Determine u(91).
-30
Let a(t) = t**3 - 6*t**2 - 6*t - 17. Determine a(8).
63
Let l(i) = -i**3 - 13*i**2 + 38*i + 12. Give l(-15).
-108
Let m(i) = i**3 - 13*i**2 - 51*i + 454. Calculate m(14).
-64
Let a(r) = 2*r**2 + 438*r + 863. Give a(-2).
-5
Let c(i) = -i**3 - 30*i**2 + 27*i - 65. Give c(-31).
59
Let f(k) = -3*k**2 + 60*k - 7. Give f(10).
293
Let d(g) = g**2 - 52*g + 653. What is d(30)?
-7
Let y(w) = -27*w - 2651. Give y(-87).
-302
Let j(m) = 57*m**2 - 7462*m - 648. Calculate j(131).
7
Let n(d) = -8*d**2 + 176*d - 8. What is n(22)?
-8
Let d(p) = -54*p**2 - 66*p - 13. Give d(-2).
-97
Let h(b) = 66*b + 418. Calculate h(-8).
-110
Let n(u) = 33*u + 2657. Determine n(-80).
17
Let t(x) = 11*x**2 + 38*x + 37. Give t(-1).
10
Let g(y) = 68*y - 1004. What is g(16)?
84
Let y(h) = h**3 + 67*h**2 - 72*h - 370. Give y(-68).
-98
Let r(b) = b**3 - 30*b**2 - 68*b + 150. Determine r(32).
22
Let c(g) = -2*g**2 + 118*g + 80. Determine c(62).
-292
Let k(r) = -2*r**2 - 4826*r + 9656. Calculate k(2).
-4
Let y(l) = -6*l**3 - 4*l**2 - 6*l + 11. What is y(2)?
-65
Let v(x) = -2*x**3 + 57*x**2 - 216*x - 2. What is v(24)?
-2
Let i(z) = z**3 - 10*z**2 - 31*z + 26. Calculate i(-3).
2
Let l(s) = -84*s - 1099. Give l(-13).
-7
Let t(d) = -55*d**2 + 22*d + 23. Calculate t(-1).
-54
Let f(d) = 6*d**2 - 58*d - 17. What is f(-7)?
683
Let k(f) = -127*f - 2146. Calculate k(-14).
-368
Let w(b) = -37*b + 35. Calculate w(4).
-113
Let l(p) = -6*p**3 - 397*p**2 - 65*p + 95. Determine l(-66).
29
Let a(r) = -66*r - 4285. Calculate a(-65).
5
Let u(x) = x**3 - 14*x**2 + 29*x + 7. Give u(11).
-37
Let b(k) = k**2 + 48*k - 1132. Calculate b(-65).
-27
Let u(z) = 40*z + 144. Calculate u(-7).
-136
Let w(i) = -48*i - 446. Determine w(-10).
34
Let i(k) = -49*k + 67. What is i(0)?
67
Let o(u) = -126*u + 1374. Determine o(11).
-12
Let z(l) = l**3 - 165*l**2 + 1836*l + 3. What is z(12)?
3
Let t(b) = b**3 + 6*b**2 + 110. Calculate t(-8).
-18
Let k(a) = -a**3 + 40*a - 90. What is k(5)?
-15
Let z(o) = -o**3 - 9*o**2 - 52*o - 351. What is z(-8)?
1
Let a(v) = -v**2 - 1081*v - 11745. Calculate a(-11).
25
Let z(y) = -y**2 - 150*y - 3992. What is z(-35)?
33
Let t(x) = -16*x**2 + 16*x + 17. Determine t(-1).
-15
Let l(v) = -743*v + 3717. What is l(5)?
2
Let x(n) = 41*n - 86. What is x(2)?
-4
Let w(i) = -14*i + 554. What is w(32)?
106
Let h(u) = -u**3 + 15*u**2 - 150*u + 2657. Give h(16).
1
Let b(d) = -64*d - 4326. Give b(-61).
-422
Let t(j) = 477*j + 500. Determine t(-2).
-454
Let u(l) = -83*l - 586. Determine u(-8).
78
Let g(f) = 17879*f + 53638. Calculate g(-3).
1
Let b(t) = -93*t**2 - 281*t - 8. Determine b(-3).
-2
Let d(g) = -23*g**2 + 112*g + 15. Calculate d(5).
0
Let w(u) = -4*u**2 - 285*u + 217. Determine w(-72).
1
Let l(d) = -2*d**2 + 16*d - 33. What is l(2)?
-9
Let s(c) = -23*c**2 + 4*c + 10. What is s(-2)?
-90
Let p(l) = -l**3 + 44*l**2 - 230*l + 72. Calculate p(38).
-4
Let n(h) = -10*h**3 + 204*h**2 - 82*h - 19. Determine n(20).
-59
Let j(i) = -2*i**2 - 231*i + 596. What is j(-118)?
6
Let n(b) = b**3 - 12*b**2 - 8*b - 21. Determine n(12).
-117
Let u(l) = -466*l - 5587. Give u(-12).
5
Let w(v) = -3*v**2 - 51*v - 212. Give w(-13).
-56
Let n(t) = t**2 + 945*t - 59239. Determine n(59).
-3
Let y(b) = 5*b**3 - b - 3. Determine y(3).
129
Let h(z) = 9*z + 629. What is h(-72)?
-19
Let a(r) = r**3 - 2*r**2 - 19*r + 56. What is a(3)?
8
Let h(p) = -162*p + 1453. What is h(9)?
-5
Let x(o) = 174*o**2 - 199*o - 1. Give x(1).
-26
Let h(y) = 19*y**3 + 10*y**2 + 8*y - 1. Calculate h(-2).
-129
Let u(h) = h**2 - 231*h + 1777. Determine u(8).
-7
Let n(l) = 182*l - 14930. What is n(82)?
-6
Let f(a) = -87*a - 8948. What is f(-104)?
100
Let a(b) = -40*b - 1194. Determine a(-30).
6
Let c(m) = -37*m**3 + 2*m**2 + 79*m - 219. What is c(3)?
-963
Let z(p) = -2*p**2 + 215*p + 5703. What is z(-22)?
5
Let w(s) = -6*s + 83. Calculate w(26).
-73
Let p(v) = -8*v - 141. What is p(-45)?
219
Let g(m) = 165*m**2 - 59*m + 61. Give g(1).
167
Let v(s) = -s**3 - 23*s**2 + 20*s + 34. What is v(-24)?
130
Let c(z) = -2*z**2 + 124*z + 247. Calculate c(-2).
-9
Let r(f) = -f**2 + 93*f + 345. Give r(96).
57
Let v(t) = -37*t - 178. Give v(-6).
44
Let l(y) = -y**3 - 33*y**2 + 38*y - 2. Give l(-34).
-138
Let b(y) = -895*y + 2530. Give b(3).
-155
Let s(y) = 258*y - 5932. Give s(23).
2
Let s(q) = 3*q**2 - 201*q + 1282. Calculate s(61).
184
Let p(j) = -46*j + 512. Calculate p(12).
-40
Let m(d) = d**3 - 14*d**2 + 15*d + 96. Calculate m(4).
-4
Let t(k) = k**2 - 11*k + 4. Give t(11).
4
Let n(h) = 28*h + 223. Determine n(-8).
-1
Let t(i) = 26*i - 13. Calculate t(2).
39
Let h(n) = -n**3 + 22*n**2 - 15*n + 18. Give h(21).
144
Let r(o) = 156*o + 33831. Determine r(-217).
-21
Let p(y) = -106*y**2 + 75*y + 42. Give p(1).
11
Let q(b) = -2*b**2 + 172*b + 167. What is q(87)?
-7
Let u(w) = 2*w**3 - 46*w**2 + 38*w + 127. Determine u(22).
-5
Let g(h) = -16*h**2 + 2*h - 16. Calculate g(3).
-154
Let q(x) = -6*x**3 - 60*x**2 - 59*x - 53. Determine q(-9).
-8
Let l(h) = 220*h + 40. What is l(-1)?
-180
Let g(t) = t**3 + 46*t**2 + 77. What is g(-46)?
77
Let n(z) = -375*z - 6002. Give n(-16).
-2
Let i(v) = -v**3 - 10*v**2 - 15*v - 15. Determine i(-6).
-69
Let h(n) = -n**3 - 33*n**2 + 784*n + 26227. Give h(-30).
7
Let q(k) = 28*k - 5. Give q(8).
219
Let z(d) = 141*d - 6624. Calculate z(47).
3
Let x(k) = 325*k**2 - 951*k + 7. Determine x(3).
79
Let z(m) = -22*m + 233. Calculate z(-26).
805
Let a(w) = w**3 - 4*w**2 + 11*w - 19. Determine a(4).
25
Let p(a) = 5*a - 120. Determine p(23).
-5
Let d(v) = 2*v**3 - 226*v**2 + 2775*v - 4